 -g = 4*m - 363, 105 = -25*m + 26*m + 5*g. What is the highest common factor of 695 and m?
5
Let t(c) = -c**2 - 27*c - 108. Let j be t(-5). Calculate the greatest common divisor of 199 and j.
1
Suppose -6*t - 152 + 458 = 0. Suppose -879 = -d - 420. Calculate the greatest common factor of d and t.
51
Suppose -2*t = y, t + 4*y - 6 = 5*y. Let b be 21 - ((-4)/t + 4). Let g = b - 6. Calculate the highest common divisor of 104 and g.
13
Let m(v) = v**3 - 31*v**2 - 28*v - 78. Suppose 112 = 5*z + 4*h - 64, h = -2*z + 68. Let k be m(z). Calculate the highest common factor of k and 275.
25
Suppose 0 = 5*r - 13 - 27. Let t be 7 + (-16 - 545) + 2 + -8. Let u = t - -564. Calculate the highest common divisor of u and r.
4
Let j be 3 + (2 - 2) - 2. Let f be (-30)/(-70) - 8067/7. Let b be (j/(-2))/(9/f). What is the highest common factor of 16 and b?
16
Let g be -47 - -44 - (-1406 - -3). Calculate the highest common divisor of 110 and g.
10
Suppose -22 = 6*w + 26. Let q be -10*((-204)/w)/(-3). Suppose 0 = -k + q + 20. What is the highest common divisor of 15 and k?
15
Let f be 1/2 + 25/10. Suppose j - 7*g + 6*g - 8 = 0, -f*j + 20 = -4*g. What is the highest common divisor of 51 and j?
3
Let c(b) = -4*b**2 + 29*b - 8. Let i(t) = -9*t**2 + 58*t - 17. Let u(z) = 5*c(z) - 2*i(z). Let f be u(14). Calculate the greatest common factor of f and 184.
8
Let z be (7/49)/((-12)/(-1176)). What is the greatest common divisor of z and 217?
7
Let v be 1*2 - (17 + 957/(-29)). Let k be (-1 - -7)/((-3)/(-99)). What is the highest common divisor of k and v?
18
Let s = 12672 - 5141. What is the highest common factor of s and 17?
17
Suppose -102*r + 98*r - 3*f = -363, -4*r + 356 = -4*f. What is the greatest common factor of r and 80?
10
Suppose 0 = -4*y + 3*p + 588 + 4332, 0 = -2*y - 4*p + 2482. What is the greatest common divisor of 36 and y?
9
Suppose -46*f + 216 = -37*f. Suppose 0 = -20*n + 14*n + f. Let u be -5*(-3)/(15/4). Calculate the highest common factor of u and n.
4
Let w be (-2)/6 + 142*7/(-42). Let o be 2023/5 - w/60. Suppose -5*v + o = 5*k, -4*v - 211 + 31 = -2*k. What is the greatest common divisor of k and 126?
42
Let r(t) = -t**2 + 18*t - 50. Let v(g) = -g**3 + 16*g**2 + 38*g - 26. Let i be v(18). Let s be r(i). Calculate the highest common divisor of s and 45.
15
Let t(g) = 20*g. Let w be t(7). Let k = -66416 + 66486. What is the greatest common factor of k and w?
70
Let n = -110 + 214. Suppose 32*k = -4*k + 4680. Calculate the highest common factor of n and k.
26
Let p be (192/6 + 21)/(2/254). Calculate the highest common factor of 762 and p.
127
Let n = -5 - -7. Suppose -n*p + 4*j + 100 = 0, -2*p + 6 + 67 = 5*j. Suppose -4204*q = -4227*q + 2530. Calculate the greatest common divisor of p and q.
22
Let i(d) = -20*d**2 + 16*d + 16*d**2 + 14*d - 13 + 59*d. Let h be i(22). Let t(g) = g - 2. Let s be t(8). What is the greatest common factor of s and h?
3
Suppose 2*d = -2*w + 1064, -538 = -1180*w + 1179*w + 2*d. Let j be 0 - (-7 - -3) - -2. What is the highest common divisor of j and w?
6
Suppose 0 = -l - 3*b + 6882, -3*l - 10*b = -14*b - 20737. What is the highest common divisor of l and 885?
177
Let g(n) = n**2 - 5*n - 103. Let x be g(13). Let p(m) = 35*m**3 - 2*m**2 + 3*m - 2. Let v be p(x). Calculate the greatest common divisor of 6 and v.
2
Let r(s) = -s + 7. Let u be r(0). Let l = -41 + 44. Suppose -2*h + 4*c - 23 = -3*h, 0 = -3*h - l*c + 96. Calculate the greatest common factor of h and u.
7
Suppose -2*h - 8 = 5*i - 37, -5*h + i + 5 = 0. Suppose 4*y = 4, 3*y - 399 = -0*r - h*r. Let s be -2 - 5/1*-4. What is the greatest common divisor of r and s?
18
Let m = -250 + 256. Let w(g) = -g**2 + 6*g + 16. Let p be w(m). Suppose 0*c + 96 = 3*c. Calculate the greatest common factor of p and c.
16
Let l be (-36)/(-306) + -7*14/(-34). Let q be ((-1)/l - (-20)/(-12)) + 5. Calculate the highest common factor of q and 147.
3
Let f(x) = 5*x + 172. Let q be f(-33). Suppose -q*g = -8*g - 2*l + 35, -4*g + 128 = 2*l. What is the greatest common divisor of 279 and g?
31
Let h(u) = -29*u + 14. Let r be (4/(-10))/((-17)/(-425)). Let j be h(r). Calculate the greatest common factor of 19 and j.
19
Let x(r) = 5*r**2 + 50*r - 43. Let u be x(-14). Calculate the greatest common divisor of 1264 and u.
79
Let j = 2563 - 2373. Suppose q + 4*l + 24 = 5*q, 5*q - 46 = l. What is the highest common factor of q and j?
10
Let k(o) = -564*o - 604. Let r(v) = -87*v - 93. Let c(a) = 5*k(a) - 32*r(a). Let y be c(-2). Calculate the greatest common divisor of 98 and y.
14
Let c = 3231 + -3218. Suppose -12 = -7*n + 3*n. Suppose -n*l = -4 - 113. What is the highest common factor of l and c?
13
Let v be ((-8)/3)/(3*5/(-4860)). Let x be 2 - 1 - (-7 + -24). What is the greatest common factor of v and x?
32
Suppose v = 3*r + 40, 3*r = 2*v - 0*v - 65. Let i(x) = x**3 - 27*x**2 - 27*x - 3. Let q be i(28). Calculate the greatest common divisor of v and q.
25
Let v be (-30)/(0 + 2 + -3). Let n be (3/(63/(-14)))/(28/(-6930)). Calculate the greatest common factor of n and v.
15
Suppose 66*f + 3622 - 10910 = 2612. Let z be (-40)/(-6)*(58 - -2). Calculate the highest common factor of z and f.
50
Let q(i) = 2*i**2 - 51*i + 25. Let k be q(28). Suppose -315 - k = -5*x. What is the greatest common factor of 12 and x?
12
Suppose 5*q - 8*q = 4*g - 1191, 3*g - 5*q = 944. Calculate the greatest common factor of g and 126.
3
Let n be (2/4)/((15/(-110))/(-3)). Suppose 4*f = 4*s - 752, -811 = -5*s + 3*f + 127. Calculate the greatest common divisor of s and n.
11
Let c = -731 - -917. What is the greatest common factor of c and 6572?
62
Let j(t) = 13*t + 285. Let v be j(-21). Calculate the greatest common divisor of v and 764.
4
Let s be ((-6)/(-4))/(1/50). Let l = 243 + -20. Let q = l + -193. What is the highest common divisor of q and s?
15
Let q(m) = m**2 + 7*m + 10. Let j be q(-8). Let z = -4334 + 4336. What is the highest common factor of z and j?
2
Let b = 58 - 52. Suppose o - 785 = -4*l, 2*o - 400 = -b*l + 4*l. Suppose -2*k - 2*p = -34, -3*k + k + 4*p = -22. What is the greatest common divisor of l and k?
15
Suppose 5*l = 2*y + 14846, 117*y = 115*y + 4. Calculate the highest common factor of l and 275.
55
Let l = 27236 - 24083. What is the greatest common factor of 6 and l?
3
Let o be (-2)/(0 + -2)*0. Suppose o = -2*f + 595 - 163. Let q be 1032/44 + ((-9)/6)/(968/(-352)). What is the highest common factor of q and f?
24
Let p = 17437 - 17329. What is the greatest common factor of 3324 and p?
12
Suppose 3*o + 2*m - 35 = 45, m - 4 = 0. Suppose 0 = 14*j - 466 - o. Calculate the highest common divisor of 91 and j.
7
Let u = -6839 + 6853. What is the greatest common factor of 1022 and u?
14
Let n = -164864 - -164885. Let k(o) = 16*o**3 + o**2 + 1. Let d be k(2). What is the highest common factor of d and n?
7
Suppose 2*p + 3*c - 8*c = 28395, 42582 = 3*p + 3*c. Calculate the greatest common divisor of p and 85.
85
Suppose -342*o - 48 + 59016 = -329*o. What is the greatest common factor of 28 and o?
28
Suppose -11*m + 14434 + 18557 = 6558. What is the greatest common factor of m and 18?
9
Let w(i) = 254*i + 999. Let d be w(6). Calculate the greatest common divisor of 87 and d.
87
Let j be ((-120)/(-9))/((-10)/(-6) - (21 + -20)). What is the greatest common divisor of j and 23?
1
Let k(d) = -53*d - 62 - 24*d - 6*d - 20*d. Let j be k(-2). Calculate the highest common divisor of j and 192.
48
Let w be ((-12)/(-3) - (-2709)/77) + (-14)/77. Calculate the highest common divisor of w and 1144.
13
Let i(g) = 19*g**2 - 87*g - 12. Let c be i(5). What is the highest common divisor of c and 35?
7
Suppose -3*y + 2*n + 254 = -y, 15 = 5*n. Let j = 574 - 573. Let o(b) = 28*b**2 + 10*b - 12. Let g be o(j). What is the greatest common factor of g and y?
26
Let v(o) = -o**3 - 8*o**2 + 5*o - 9. Let p be v(-9). Let c = -34 + 142. Let d be c - 0/(-1 + 0). What is the highest common divisor of p and d?
27
Let t = 116 - 88. Suppose -4*z + 140 - t = 0. Suppose 3*w - z = -2*d, -7*d + 8 = -5*d - 2*w. What is the highest common divisor of 4 and d?
4
Let t = -4538 + 4764. What is the highest common divisor of t and 2599?
113
Let v(n) = 18*n**2 + 2*n + 2. Let d be v(3). Let u = -511 - -577. Let t be ((-30)/(-33))/(6/u). Calculate the greatest common divi